s 22 - 13344?
-13322
In base 6, what is 433 + 1224?
2101
In base 12, what is -15 + 2236?
2221
In base 6, what is -1544 - -1025?
-515
In base 7, what is -60 + -54?
-144
In base 14, what is -62 - -1a89?
1a27
In base 8, what is 14 + -336157?
-336143
In base 15, what is 212 + -55?
1ac
In base 12, what is -18a + 119?
-71
In base 11, what is 3 - -2914?
2917
In base 10, what is -3 + 207633?
207630
In base 2, what is -1010000111 - 100000001010?
-101010010001
In base 4, what is 32031220 - -3?
32031223
In base 11, what is 209682 + 1?
209683
In base 13, what is 4 + 68048?
6804c
In base 13, what is -2 - -11c7c?
11c7a
In base 11, what is a95 + -30?
a65
In base 2, what is -1 - 110100001001101000001?
-110100001001101000010
In base 13, what is 0 + -a510?
-a510
In base 6, what is 234 + -14153?
-13515
In base 4, what is -10 + -1002121003?
-1002121013
In base 16, what is 6f + bb2?
c21
In base 14, what is -5 - 15a?
-161
In base 2, what is -10111110100000101 - 1100?
-10111110100010001
In base 12, what is a + 1208?
1216
In base 2, what is -101010110110001 - -10?
-101010110101111
In base 3, what is -2201001211 - 1221?
-2201010202
In base 14, what is -146 + 2aa?
164
In base 12, what is -12462 - 4?
-12466
In base 13, what is 1b - -297b?
2999
In base 6, what is -1 + -532251?
-532252
In base 7, what is 13 - 112353?
-112340
In base 5, what is 223 - 312?
-34
In base 13, what is -33a243b - 5?
-33a2443
In base 9, what is -11475 - -105?
-11370
In base 8, what is -3 + -1257554?
-1257557
In base 15, what is 81c - -93?
8b0
In base 9, what is 144 - 12512?
-12357
In base 9, what is -12484 + 8?
-12475
In base 15, what is -555e + -13?
-5572
In base 16, what is -12 - 1020?
-1032
In base 13, what is -1 - 7c79b?
-7c79c
In base 14, what is 5d + -8b?
-2c
In base 15, what is ce5 - -2?
ce7
In base 4, what is 1100033 - -300?
1100333
In base 11, what is -25 - -3128?
3103
In base 11, what is 7 - 256?
-24a
In base 7, what is 2306 + -544?
1432
In base 4, what is 10320222 - -2?
10320230
In base 13, what is -7670 - 13?
-7683
In base 9, what is 8 - -522772?
522781
In base 8, what is 4 + -557447?
-557443
In base 5, what is 10100434 + -20?
10100414
In base 4, what is -2 + 221210?
221202
In base 16, what is b78d2 - 1?
b78d1
In base 16, what is -5 - -108387?
108382
In base 6, what is -2231 - -3123?
452
In base 9, what is -11004 - -3?
-11001
In base 11, what is -23 + 1254a6?
125483
In base 5, what is -143110420 + 2?
-143110413
In base 16, what is 5 - ebe6?
-ebe1
In base 15, what is -e - -637d?
636e
In base 6, what is -55543 - 0?
-55543
In base 14, what is 52d + 298?
7c7
In base 5, what is -13143404 - 3?
-13143412
In base 13, what is 3 + 202409?
20240c
In base 6, what is -324 + -4011?
-4335
In base 2, what is -111000101 - -1110110?
-101001111
In base 7, what is -3505 - 33?
-3541
In base 3, what is -11 - -101001200101?
101001200020
In base 7, what is -5 + 440162?
440154
In base 11, what is 66544 + 1?
66545
In base 12, what is 25 + b919?
b942
In base 13, what is 169 - 9419?
-9280
In base 3, what is -12 - -100012010112?
100012010100
In base 13, what is -22654 - 2a?
-22681
In base 15, what is 5 + 4e59?
4e5e
In base 3, what is 21021020 - -2?
21021022
In base 10, what is -3 + 44904?
44901
In base 14, what is -200 + -46?
-246
In base 7, what is 25333 - 16?
25314
In base 13, what is -1a2b16 - -4?
-1a2b12
In base 6, what is 11221 + -1103?
10114
In base 6, what is -1 + -10440?
-10441
In base 5, what is -2021413 + 23?
-2021340
In base 14, what is -70 + d7?
67
In base 11, what is 99266 - -5?
99270
In base 8, what is -362 + 601?
217
In base 8, what is 17434 + -15?
17417
In base 14, what is -2a - -10720?
106d4
In base 7, what is 360 - 113?
244
In base 12, what is -6 + 394a?
3944
In base 5, what is -434020 + 0?
-434020
In base 4, what is -310130 - 301?
-311031
In base 9, what is 35265 - -4?
35270
In base 12, what is -b31a + 3?
-b317
In base 4, what is -3310 + 10221112?
10211202
In base 15, what is -1 - -22390?
2238e
In base 2, what is 101011101110010100 - 100?
101011101110010000
In base 9, what is 3528 + 5?
3534
In base 11, what is -78 - -260a4?
26027
In base 6, what is 1134 + 150151?
151325
In base 13, what is 6 + -743?
-73a
In base 12, what is -4a83 + -27?
-4aaa
In base 12, what is 2016a7 - -3?
2016aa
In base 14, what is 918 - -6a?
984
In base 4, what is 13001 + 220?
13221
In base 14, what is -1b8ba - 5?
-1b8c1
In base 10, what is -41 - -2422?
2381
In base 9, what is 246760 + -4?
246755
In base 2, what is -1110111111 - 10010?
-1111010001
In base 11, what is 10572 + -117?
10456
In base 6, what is 2 - -115303?
115305
In base 11, what is 1919 - -10?
1929
In base 10, what is -127293 - -2?
-127291
In base 6, what is -41 + 13542?
13501
In base 3, what is -1200001 + -2012?
-1202020
In base 11, what is -37 + -3565?
-35a1
In base 4, what is 32302 - 111?
32131
In base 14, what is 2d3 - 4484?
-4191
In base 14, what is 15938 + 6?
15940
In base 3, what is -101001 + -212212?
-1020220
In base 3, what is -201 + -1221000?
-1221201
In base 16, what is 14a - -289?
3d3
In base 16, what is -4de - 23?
-501
In base 15, what is -253 + -696?
-8e9
In base 2, what is 10000100101110100 - -1?
10000100101110101
In base 5, what is 21 - -114323?
114344
In base 11, what is -10 - -129906?
1298a6
In base 9, what is -15 + 1041055?
1041040
In base 13, what is 4 - 1a014?
-1a010
In base 2, what is 1110110000001111 - 100?
1110110000001011
In base 3, what is -20000 - -12210000?
12120000
In base 3, what is -120002212121 - 12?
-120002212210
In base 16, what is -63542 + -4?
-63546
In base 13, what is -3a5 - -1?
-3a4
In base 7, what is 4133526 + 4?
4133533
In base 11, what is -1 + 104656?
104655
In base 2, what is -111100101 + -1011?
-111110000
In base 12, what is -21a - -a85?
867
In base 13, what is -53b - 46?
-584
In base 6, what is -55 + 143140?
143041
In base 16, what is bf86b - -5?
bf870
In base 12, what is -43aa - 4?
-43b2
In base 11, what is 7a172 + -1?
7a171
In base 5, what is 10 - -2032411?
2032421
In base 16, what is 32036 - -9?
3203f
In base 2, what is 1001110110 - -1101101?
1011100011
In base 15, what is 1c - c29?
-c0c
In base 4, what is -12120 - 220?
-13000
In base 2, what is -100101101000101010 + 11?
-100101101000100111
In base 8, what is -1 - 16624?
-16625
In base 11, what is 104870 - -2?
104872
In base 3, what is -1012 - 1121002221?
-1121011010
In base 8, what is 1 - 3637?
-3636
In base 5, what is -21112 - -103?
-21004
In base 10, what is -1 - 6887?
-6888
In base 16, what is 60 - -5c40?
5ca0
In base 13, what is -3 + 76b6?
76b3
In base 15, what is 272 + -4ed?
-27b
In base 13, what is 664 - 28?
639
In base 6, what is 3110 - 2553?
113
In base 4, what is -2102 - -21322?
13220
In base 16, what is -853 + -12?
-865
In base 7, what is 56020 + 1?
56021
In base 15, what is -d64 - -1?
-d63
In base 2, what is 0 - 1000001111101110?
-1000001111101110
In base 2, what is 101010111010 - -101101110?
110000101000
In base 8, what is 231255 + 3?
231260
In base 15, what is 177b + -7?
1774
In base 3, what is 220012101 + 1?
220012102
In base 16, what is 4462 - -14?
4476
In base 8, what is -13 + -5767?
-6002
In base 14, what is -5a0db + -3?
-5a100
In base 8, what is -134003 + 2?
-134001
In base 15, what is -1db8 + -4?
-1dbc
In base 16, what is -bc20 - 1?
-bc21
In base 12, what is 1200bb + 9?
120108
In base 6, what is -250 + 3232?
2542
In base 10, what is -3045 - -79?
-2966
In base 8, what is -3 - -353605?
353602
In base 4, what is 1132012132 + -2?
1132012130
In base 16, what is -49 - 50?
-99
In base 10, what is -6 + -3409?
-3415
In base 2, what is 1100000111 - -10111011000?
100011011111
In base 2, what is 1011 - 100101101000111?
-100101100111100
In base 8, what is -30342 + 132?
-30210
In base 2, what is 1010101101 + 10100?
1011000001
In base 15, what is 350 + -404?
-a4
In base 11, what is 168a - -1159?
2838
In base 4, what is -30110 - 322?
-31032
In base 6, what is -3421 - -315?
-3102
In base 16, what is 6 - 12e77?
-12e71
In base 6, what is -100241 + -1425?
-102110
In base 14, what is -11c + -256?
-374
In base 13, what is -21 - -4a74?
4a53
In base 13, what is -40ba - 126?
-4213
In base 15, what is -833 + ca?
-758
In base 10, what is 5939 - 130?
5809
In base 11, what is 71a5 - -5?
71aa
In base 11, what is 2121a3 + 0?
2121a3
In base 4, what is -300002101 + 102?
-30